ided by x?
24
Let t be -3 + (8 - 6) - (0 + -11). Suppose u + u - 4*i = t, 2*u - 2*i = 12. What is the remainder when u is divided by 5?
2
Suppose -a = -6*a - 4*f + 83, -23 = -a - 4*f. Suppose 0*p = 4*p. Suppose p = -m + 3*n - n + 33, 3*m - 5*n = 95. Calculate the remainder when m is divided by a.
10
Let n = -53 + 306. Let v = n - 203. Calculate the remainder when v is divided by 26.
24
Let i be -2 - (-38 + (6 - 0 - 4)). Suppose -n + 48 - i = 0. What is the remainder when n is divided by 8?
6
Let x(h) = -13*h - 10. Suppose w = -u + 12, u - w - 36 = -2*u. Suppose -i = -3*i + u. What is the remainder when x(-3) is divided by i?
5
Suppose 165*v - 162*v - 387 = 3*z, -2*v - 2*z + 266 = 0. What is the remainder when 1045 is divided by v?
128
Let z be (((-490)/6)/(-7))/((-11)/(-33)). Suppose -90 = z*t - 510. What is the remainder when t is divided by 11?
1
Suppose y + 29*y = 660. Let j(z) = -5*z**2 + z**3 - 8*z + 0*z**2 + 8*z + 6. What is the remainder when j(6) is divided by y?
20
Suppose 91*g + 872 = 48*g + 51*g. Suppose 3*a + 53 = 5*m, -4*a + 2*a = 2*m - 18. Calculate the remainder when g is divided by m.
9
Suppose 40*g - 1961 = 4999. What is the remainder when g is divided by 43?
2
Let f = 9 + -15. Let l be -6*(3292/(-72) + f/(-27)). Suppose 0 = -8*k + k + l. Calculate the remainder when 114 is divided by k.
36
Calculate the remainder when 4277 is divided by 1 - ((-11092)/(-120)*-2 - (-4)/(-30)).
185
Suppose -10*a = 10*a - 18*a. Suppose a = -2*u + 4*u - 6, 0 = -5*z - 2*u + 126. Suppose 8*k + z = 11*k. Calculate the remainder when 47 is divided by k.
7
Suppose -3*p + 4*p = -2, -6 = -2*g + 5*p. Let n = -239 - -256. Calculate the remainder when (-69 - g)*(-3 - -2) is divided by n.
16
Let k be 2*1 + 340/20. Let w be (5 - k/4) + (-1)/4. Suppose 0 = 2*y - w*y - 70. What is the remainder when y is divided by 13?
9
Suppose -82*k + 79*k + 324 = -87. What is the remainder when 497 is divided by k?
86
Let m be (-6)/42 + 282/14. Calculate the remainder when 391/5 + (-4)/m is divided by 16.
14
Let c(o) = -95*o - 10. Let f be c(-2). Suppose 0 = 348*x - 342*x - f. What is the remainder when ((-174)/5)/((-8)/20) is divided by x?
27
Suppose 288*b + 570 = 292*b + 5*o, -3*o + 282 = 2*b. Calculate the remainder when 302 is divided by b.
2
What is the remainder when 237 is divided by (7 - -2)*1430/585?
17
Suppose -281*w = -236*w - 3195. What is the remainder when 248 is divided by w?
35
Suppose -4*h - 152 = -y, 546 = 3*y + 8*h - 5*h. What is the remainder when 2285 is divided by y?
173
Let g(h) = -6*h**2 + 4*h + 57. Let n be g(0). Suppose n*j = 45*j + 2556. Let c(t) = t**2 + 24. What is the remainder when j is divided by c(0)?
21
Let r(k) = -1 + 5*k + 2*k**2 + 1 - 2. Suppose -680 = 142*c - 112. What is the remainder when r(c) is divided by 4?
2
Let d(o) = 2*o - 23. Suppose q - g + 35 = 3*q, 5*q - 80 = -g. Let b be d(q). Suppose -2*x + 7 = -b. What is the remainder when 12 is divided by x?
5
Let u(y) = -5*y**2 - 97*y - 25. Calculate the remainder when 1321 is divided by u(-15).
101
Let d be ((-4 + 4)/3)/(1 - 0). Suppose d = 200*a - 197*a - 255. Calculate the remainder when a is divided by 43.
42
Let g be -4 + 2 + 2 + -6 + 2. What is the remainder when 5 is divided by -6*(-5 - g)*6/9?
1
Suppose 0 = -a - 5*m - 9, 0 = -4*m - 20. Calculate the remainder when 77 + 3/18*12 is divided by a.
15
Suppose 13*m - 16*m = -60. Suppose 8*z - m = 3*z. Suppose -z*u - 3*r - 13 + 74 = 0, -3*r - 56 = -5*u. Calculate the remainder when 64 is divided by u.
12
Let o(a) = -a - 136 + 102 + a**2 + 6*a. What is the remainder when 253 is divided by o(-11)?
29
Let c = 6849 + -6766. What is the remainder when 1659 is divided by c?
82
Let x = 223 - 126. Let o = x - 95. Calculate the remainder when 36 is divided by o.
0
Suppose -2*q - 6*r + 27 = -11*r, 2*q - 45 = -r. Suppose -1078 - 1421 = -q*b. What is the remainder when b is divided by 30?
29
Let h be (-1)/(-2)*0/4. Calculate the remainder when (h + 1)/((-19)/(-2071)) is divided by (-15)/3*(-55)/25.
10
Suppose 0 = k - 3*n - 14, -5*n = 3*k - 0*k. Suppose 0 = 2*j + 2*y - 112, -k*j = -3*j - 3*y - 87. Calculate the remainder when j is divided by 19.
13
Let z = 112 + -5. Suppose -p + 3*d = -15, 2*d = -75*p + 70*p + 58. What is the remainder when z is divided by p*-7*7/(-21)?
23
Suppose -5*m + 700 = 4*n - 0*n, -3*n - 735 = -5*m. Suppose 2*r - m + 112 = 0. Suppose r*q = 19*q - 45. Calculate the remainder when 44 is divided by q.
14
Suppose -13 = -q + j, 0 = -2*q + 3*j + 10 + 15. Suppose q*k - 5*k - 1215 = 0. Calculate the remainder when k is divided by 46.
43
Suppose 0 = -35*u + 17*u - 6570. Let r = -353 - u. Calculate the remainder when 48 is divided by r.
0
Suppose -45 = 209*p - 212*p. What is the remainder when 134 is divided by p?
14
Let m = 2710 - 2300. What is the remainder when m is divided by 33?
14
Suppose 651*y - 629*y = 9416. Calculate the remainder when y is divided by 11.
10
Calculate the remainder when (1/15*5)/(-3) + (-27320)/(-45) is divided by 597.
10
Let l = -2940 + 2972. What is the remainder when 90 is divided by l?
26
Suppose 3*x - 1496 = -4*o, -o + 203 = x - 170. Calculate the remainder when o is divided by 22.
3
Suppose 0 = -4*c - 2*v + 12, 0*c = -3*c + 3*v + 27. Suppose 0 = 5*y - 4*g - 723, c*y + 271 = 5*g + 996. What is the remainder when y is divided by 29?
27
Let a be 8/(32/(-220)) - 5. Let i = a + 69. Suppose 16 = -7*h + i*h. Calculate the remainder when 31 is divided by h.
7
Let c(r) = -2*r - 25. Let q be c(-15). Suppose 0 = 3*n - q*n + 6. Calculate the remainder when (3*52/(-18))/((-1)/n) is divided by 17.
9
Let u = -46 + -251. Let k = -227 - u. Calculate the remainder when k is divided by 9.
7
Suppose 2*c = 3*p, 2*c - 3*p = -c. Let h be (c/29)/(4 - 1). What is the remainder when (26/(-5) + h)*(-1 - 14) is divided by 29?
20
Suppose -5*q + 213 = 3*i, 4*i - 273 = 24*q - 27*q. Calculate the remainder when i is divided by 24.
18
Let c(j) = j**3 + 94*j**2 - 393*j - 85. Calculate the remainder when 324 is divided by c(-98).
12
Let s = -153 - -443. Suppose -3*l + s = 2*l. Suppose 0*y + l = y. What is the remainder when y is divided by 22?
14
Let i = 3587 - 3509. What is the remainder when 4055 is divided by i?
77
Suppose -y + 37 = 25. Calculate the remainder when (4 - 345/y)/((-1)/4) is divided by 10.
9
Suppose 0 = k + 5*i - 942, -5*k - 31*i + 4626 = -34*i. What is the remainder when k is divided by 31?
28
Suppose -332*w + 22592 = 348. What is the remainder when 308 is divided by w?
40
Suppose -3739 = -3*a - g, -1129 = 2*g - 1113. Calculate the remainder when a is divided by 57.
52
What is the remainder when 333 is divided by (2/(-8))/(9/(-2484))?
57
Let w be -1 + ((-12)/8)/((-3)/(-6)). Let y be -36*(22/w - 2/1). Suppose 0 = 5*c - 14*c + y. What is the remainder when c is divided by 11?
8
Let h(x) = 3086*x**3 + 2*x**2 + 10*x - 7. What is the remainder when h(1) is divided by 93?
22
Suppose 38*b - 54*b = -512. What is the remainder when 44 is divided by b + 0 - (-8)/(24/3)?
11
Let m(c) = -29*c. Let a be m(-1). Suppose 4*l + 5*v + 16 = 159, -l + v + a = 0. Suppose 2*t + 36 = 5*t. What is the remainder when l is divided by t?
8
Let h(n) = -2*n + 7. Let t be h(-3). Let u(f) = -2*f**2 + 25*f + 19. Let y be u(t). What is the remainder when 1/(-1) - (-21 - 1 - y) is divided by 7?
6
Suppose -159*n = -161*n + 128. What is the remainder when n is divided by 12?
4
Let y(t) = 1036*t + 2364. What is the remainder when y(19) is divided by 75?
73
Let w(u) = u**2 - 4*u - 9. Let m(l) = -5*l - 62. Let t = -66 + 25. Calculate the remainder when m(t) is divided by w(9).
35
Suppose -23 = 3*b - 56. Suppose b*r = 6*r + 75. What is the remainder when 47 is divided by r?
2
Suppose 2*p - 4*r = 50, 0 = -285*p + 280*p - 2*r + 185. Suppose -u + 3*x = -25, 25 = u - 3*x + 2*x. Calculate the remainder when p is divided by u.
10
Let r = 45 + -35. Suppose -5*j = d + 2*d - 181, 0 = -2*d - 5*j + 124. Suppose -3*a + 54 = -d. What is the remainder when a is divided by r?
7
Let n(i) = -35*i**3 + i**2 + 24*i + 47. What is the remainder when n(-2) is divided by 136?
11
Let b(a) = 108*a + 780. What is the remainder when b(0) is divided by 18?
6
Suppose 4*p = 3*q + 3297, 38*q = -2*p + 43*q + 1631. What is the remainder when p is divided by 83?
81
Suppose -2*g = 5*w - 53